. Calculate p(-5).
-117
Let t(y) = y**2 - 17*y + 7. Give t(6).
-59
Let z(i) = 6*i**2 + 503*i - 99. Calculate z(-84).
-15
Let w(x) = -x**3 - 10*x**2 - 94*x - 42. Give w(-6).
378
Let w(n) = -1318*n + 7857. Calculate w(6).
-51
Let q(g) = g**3 - 24*g**2 + 11*g + 155. Determine q(23).
-121
Let t(w) = -3193*w + 28724. Give t(9).
-13
Let n(m) = 4*m**2 + 725*m - 13275. Determine n(-198).
-9
Let r(z) = 252*z + 3271. Calculate r(-13).
-5
Let x(v) = 360*v**2 - 1075*v - 13. Calculate x(3).
2
Let i(f) = -f**2 - 2*f + 45. What is i(-15)?
-150
Let h(g) = -37*g**2 - 35*g + 34. Determine h(1).
-38
Let u(p) = -35*p - 87. What is u(-5)?
88
Let v(p) = 2*p**3 + 4*p**2 + p - 8. Calculate v(-2).
-10
Let b(g) = 2*g**3 - 119*g**2 - 55*g + 40. Give b(60).
340
Let u(w) = w**2 - 40*w - 80. Determine u(-2).
4
Let g(f) = 2*f**2 - 268*f + 64. Give g(134).
64
Let z(l) = -288*l - 274. Calculate z(-1).
14
Let h(z) = z**3 + 40*z**2 - 129*z + 7. What is h(3)?
7
Let t(j) = -j**2 - 636*j - 21603. Give t(-36).
-3
Let b(u) = -3*u**2 + 50*u - 5. Calculate b(16).
27
Let m(y) = y**3 - 15*y**2 - 71*y + 310. What is m(18)?
4
Let k(x) = x**3 + 6*x**2 - 13*x - 41. Calculate k(-7).
1
Let f(y) = -3*y**2 - 12*y + 43. Calculate f(-7).
-20
Let s(d) = -d**3 - 203*d**2 + 1252*d + 17. What is s(6)?
5
Let s(j) = -11906*j - 11912. What is s(-1)?
-6
Let m(o) = 5*o**2 + 55*o + 331. Calculate m(-6).
181
Let p(x) = -352*x - 10902. What is p(-31)?
10
Let k(h) = 2*h**2 - 35*h - 657. Determine k(29).
10
Let l(x) = -x**3 - 22*x**2 + x + 43. Calculate l(-22).
21
Let o(t) = -t**2 - 43*t - 117. Determine o(-36).
135
Let k(s) = 2759*s + 74509. Give k(-27).
16
Let l(i) = i**3 + 43*i**2 - 224*i + 158. Give l(4).
14
Let v(l) = -14*l**2 + 90*l - 205. Calculate v(2).
-81
Let i(c) = 16*c**2 + 404*c + 106. Calculate i(-25).
6
Let p(t) = 2*t + 6. What is p(3)?
12
Let o(f) = 14*f**3 + 129*f**2 + 25*f + 19. Give o(-9).
37
Let f(l) = -67*l + 1901. Determine f(29).
-42
Let j(d) = 7*d**2 + 18*d - 13. Give j(-3).
-4
Let a(y) = -y**2 + 65*y - 859. Calculate a(47).
-13
Let v(i) = 3*i**2 - 15*i - 380. Determine v(-9).
-2
Let s(m) = -43*m - 217. Determine s(-5).
-2
Let u(k) = 26*k**3 + 105*k**2 + 11*k + 26. Give u(-4).
-2
Let q(x) = 12*x**2 - 332*x - 51. Give q(28).
61
Let t(o) = 24*o - 41. What is t(4)?
55
Let m(f) = -f**3 - 12*f + 32. What is m(4)?
-80
Let j(g) = 24*g**2 - 9*g + 10. Give j(2).
88
Let l(o) = o**2 + 28*o + 65. Calculate l(-23).
-50
Let t(m) = -2*m**2 - 85*m - 843. Determine t(-26).
15
Let y(j) = 3*j**3 - 71*j**2 + 45*j - 8. What is y(23)?
-31
Let d(j) = 19*j - 1454. Calculate d(76).
-10
Let f(l) = -2347*l - 9401. Calculate f(-4).
-13
Let k(d) = d**3 + 18*d**2 - 22*d + 18. Calculate k(-19).
75
Let x(h) = -8*h**3 - 56*h**2 - 467*h - 3263. Determine x(-7).
6
Let n(q) = -84*q + 12508. Determine n(149).
-8
Let w(h) = 139*h + 20841. What is w(-150)?
-9
Let r(i) = 14*i + 90. Calculate r(26).
454
Let w(l) = -2*l**2 + 46*l - 32. Give w(17).
172
Let k(a) = a**2 - 354*a + 24603. What is k(259)?
-2
Let s(l) = -3*l - 2. Determine s(12).
-38
Let j(r) = -18*r**2 + 74*r - 115. Give j(2).
-39
Let n(s) = s**3 + 7*s**2 - 47*s - 71. Give n(5).
-6
Let w(o) = 4*o**2 - 53*o + 507. Calculate w(8).
339
Let b(r) = -30*r - 98. What is b(-2)?
-38
Let i(r) = 2*r**3 - 4*r**2 + 24*r - 13. Give i(4).
147
Let j(h) = h**2 - 15*h - 176. Give j(-7).
-22
Let k(j) = 9*j**2 + 127*j - 128. What is k(1)?
8
Let v(k) = 3*k**2 - 243*k - 260. What is v(82)?
-14
Let m(n) = 38*n**2 - 4*n - 7. Determine m(3).
323
Let j(c) = 2*c**2 + 57*c + 16. Calculate j(-29).
45
Let i(a) = 69*a + 402. Give i(-6).
-12
Let s(m) = m**3 + m**2 - 55*m - 91. What is s(-7)?
0
Let x(c) = 33*c**2 - 6*c + 12. Determine x(3).
291
Let b(z) = z**2 + 984*z + 5817. Calculate b(-6).
-51
Let y(z) = 42704*z + 42699. What is y(-1)?
-5
Let x(d) = 15*d - 73. Determine x(10).
77
Let r(p) = 78*p - 986. Determine r(10).
-206
Let t(y) = -1096*y - 3023. What is t(-3)?
265
Let w(n) = n**3 + 16*n**2 - 630*n - 10084. Give w(-16).
-4
Let u(x) = -192*x - 1331. Calculate u(-7).
13
Let d(y) = y**3 - 33*y**2 + 64*y - 146. Determine d(31).
-84
Let y(r) = -r**3 - 109*r**2 - 109*r + 112. Give y(-108).
220
Let k(c) = -3*c**2 + 110*c + 111. Determine k(-1).
-2
Let l(a) = -35*a - 2930. Calculate l(-83).
-25
Let o(n) = n**3 - 80*n**2 - 161*n - 236. What is o(82)?
10
Let z(m) = -51*m**2 - m + 5. Determine z(-2).
-197
Let v(d) = 144*d + 3594. What is v(-25)?
-6
Let u(j) = -j**3 - 7*j**2 - 13*j + 14. Calculate u(-7).
105
Let q(o) = -6*o + 1174. Determine q(30).
994
Let k(a) = 3593*a - 50308. Determine k(14).
-6
Let b(w) = 6*w + 36. Calculate b(-10).
-24
Let g(h) = 20*h**2 + 136*h - 24. What is g(-7)?
4
Let j(t) = t**3 - 17*t**2 + 59*t + 16. Calculate j(12).
4
Let r(n) = -n**3 + 12*n**2 + 22*n - 254. What is r(12)?
10
Let q(c) = 30*c + 29. Give q(4).
149
Let m(f) = f**3 + 85*f**2 + 1596*f - 25. Give m(-28).
-25
Let m(i) = -97*i + 15805. Calculate m(163).
-6
Let a(r) = 285*r - 8262. Determine a(29).
3
Let a(x) = 166*x - 28200. Give a(170).
20
Let u(i) = -i**2 - 35*i - 204. Calculate u(-28).
-8
Let t(n) = 2*n**3 - 167*n**2 - 427*n - 256. Determine t(86).
2
Let f(k) = 10*k**3 + 136*k**2 - 64*k - 106. Give f(-14).
6
Let n(b) = b**2 + 196*b + 1137. Give n(-6).
-3
Let c(w) = -w**3 - 50*w**2 - 97*w - 53. What is c(-48)?
-5
Let f(m) = -16*m + 876. What is f(76)?
-340
Let r(s) = -17*s**2 + 12*s - 22. What is r(2)?
-66
Let x(t) = -3*t**2 - 59*t + 63. What is x(-20)?
43
Let m(q) = -q**2 - 43*q + 886. Determine m(15).
16
Let u(m) = -3*m**2 - 411*m + 843. Give u(-139).
9
Let i(p) = -p**3 - 44*p**2 + 1832*p - 302. Calculate i(26).
10
Let p(w) = 3*w + 265. Determine p(-46).
127
Let v(g) = -3*g - 75. What is v(-6)?
-57
Let p(j) = -3*j**2 - 48*j + 1253. Determine p(14).
-7
Let b(a) = a**2 + 72*a - 6798. What is b(-126)?
6
Let d(m) = -305*m - 2433. What is d(-8)?
7
Let l(g) = -g**2 - 472*g + 21566. What is l(42)?
-22
Let g(c) = -3*c**3 + 2*c**2 + 23*c - 24. Calculate g(-3).
6
Let f(g) = g**3 + 47*g**2 - 159*g - 447. Determine f(-50).
3
Let x(d) = 997*d + 3985. What is x(-4)?
-3
Let u(i) = -787*i - 59021. What is u(-75)?
4
Let u(r) = 9*r + 50. Determine u(0).
50
Let t(q) = -394*q + 19666. Determine t(50).
-34
Let s(i) = i**3 - 34*i**2 - 50*i + 482. Determine s(35).
-43
Let m(r) = r**3 + 317*r**2 - 279*r + 12407. Calculate m(-318).
5
Let y(b) = 3*b**2 - 38*b - 129. Give y(12).
-153
Let k(b) = -b**3 - 56*b**2 - 60*b - 268. Calculate k(-55).
7
Let h(t) = 5*t - 136. Give h(-60).
-436
Let q(k) = k**2 - 70*k - 2474. What is q(95)?
-99
Let s(c) = 438*c + 5155. Give s(-12).
-101
Let x(r) = -2*r**2 + 42*r + 715. Give x(-11).
11
Let v(f) = 6*f**3 + 64*f**2 + 41*f - 1. Give v(-10).
-11
Let a(u) = 182*u + 3101. Calculate a(-17).
7
Let b(f) = 3*f**2 - 215*f + 176. Calculate b(71).
34
Let u(j) = -2*j**3 - 20*j**2 - 38*j + 38. Calculate u(-7).
10
Let g(n) = 2*n. Give g(-2).
-4
Let h(b) = 2*b**3 + 4*b**2 - 12*b - 15. Determine h(-6).
-231
Let z(q) = 11*q + 112. What is z(-8)?
24
Let g(k) = -k + 572. Calculate g(16).
556
Let m(a) = 3*a**3 - 51*a**2 + 155*a + 34. Calculate m(13).
21
Let i(j) = 3*j**2 + 59*j + 36. Calculate i(-5).
-184
Let c(u) = 2*u**3 + 3*u**2 - 20*u - 7. Calculate c(4).
89
Let t(v) = 14*v - 730. Give t(51).
-16
Let x(v) = v**2 - 76*v - 579. What is x(83)?
2
Let h(t) = -17*t**3 - t**2 - 7*t - 6. Calculate h(-1).
17
Let r(y) = 31*y**2 - 654*y + 15. Calculate r(21).
-48
Let c(l) = -l**2 + 334*l - 13682. Give c(47).
-193
Let d(j) = -j**2 - 10*j - 11. Calculate d(17).
-470
Let c(n) = -n**3 + 231*n**2 - 428*n - 6829. Give c(229).
41
Let m(j) = 20*j + 1872. Determine m(-96).
-48
Let a(c) = -c**3 - 20*c**2 - c - 279. Give a(-20).
-259
Let u(p) = -103*p + 745. Give u(10).
-285
Let o(l) = 10*l + 776. Calculate o(-78).
-4
Let v(d) = d**2 + 92*d - 161. Give v(-94).
27
Let y(d) = -2*d**2 + 6*d + 33. Give y(9).
-75
Let a(x) = x**2 + 1096*x - 199546. Calculate a(159).
-1
Let b(d) = 601*d - 1205. Give b(2).
-3
Let r(y) = y**3 - 153*y**2 + 131*y + 3189. Give r(152).
-3
Let s(n) = -n**2 - 3009*n - 56811. What is s(-19)?
-1
Let z(w) = 2*w**2 + 23*w - 82. What is z(-14)?
-12
Let l(p) = 17*p + 79. What is l(0)?
79
Let z(i) = 13*i + 72. Give z(-4).
20
Let x(y) = -2466*y + 2481. Determine x(1).
15
Let c(y) = -2*y**3 - 11*y**2 + 40*y + 196. Determine c(-